actor of 792?
True
Is 4134 a multiple of 159?
True
Does 53 divide 693?
False
Is 25 a factor of 12593?
False
Is 6 a factor of 366?
True
Does 3 divide 200?
False
Does 32 divide 7360?
True
Is 5 a factor of 850?
True
Is 1711 a multiple of 24?
False
Does 20 divide 267?
False
Is 32 a factor of 704?
True
Is 25 a factor of 3097?
False
Is 18 a factor of 14583?
False
Does 5 divide 120?
True
Is 15 a factor of 5003?
False
Is 69683 a multiple of 17?
True
Is 6039 a multiple of 67?
False
Does 34 divide 37254?
False
Is 185 a multiple of 5?
True
Is 29198 a multiple of 43?
False
Does 27 divide 972?
True
Does 12 divide 5837?
False
Is 36 a factor of 7152?
False
Is 4049 a multiple of 7?
False
Is 259 a factor of 9065?
True
Is 11 a factor of 935?
True
Does 2 divide 6?
True
Is 127 a factor of 4826?
True
Does 103 divide 1740?
False
Is 10 a factor of 48625?
False
Is 741 a multiple of 57?
True
Is 5406 a multiple of 12?
False
Is 33 a factor of 4554?
True
Is 30 a factor of 2033?
False
Is 34390 a multiple of 5?
True
Is 31 a factor of 82?
False
Is 1863 a multiple of 23?
True
Is 23 a factor of 2645?
True
Does 7 divide 371?
True
Is 3 a factor of 4692?
True
Does 5 divide 270?
True
Does 33 divide 7953?
True
Is 21 a multiple of 3?
True
Is 13 a factor of 9344?
False
Is 3744 a multiple of 48?
True
Does 12 divide 96?
True
Is 2 a factor of 6160?
True
Is 35504 a multiple of 14?
True
Is 13072 a multiple of 38?
True
Is 10 a factor of 110?
True
Does 9 divide 513?
True
Does 8 divide 2414?
False
Is 7995 a multiple of 205?
True
Is 19 a factor of 532?
True
Is 53 a factor of 1785?
False
Does 30 divide 4680?
True
Is 20 a factor of 1271?
False
Does 10 divide 180?
True
Does 15 divide 9480?
True
Is 68 a factor of 1574?
False
Is 845 a multiple of 18?
False
Is 22 a factor of 5698?
True
Is 3391 a multiple of 9?
False
Is 603 a multiple of 16?
False
Is 399 a multiple of 19?
True
Is 5602 a multiple of 60?
False
Is 10578 a multiple of 82?
True
Does 5 divide 115?
True
Does 135 divide 860?
False
Is 84 a factor of 273?
False
Is 91 a factor of 2548?
True
Is 8 a factor of 1319?
False
Does 63 divide 47439?
True
Does 14 divide 8638?
True
Is 39 a factor of 186?
False
Is 9 a factor of 14752?
False
Is 21 a factor of 126?
True
Does 11 divide 202?
False
Is 12 a factor of 3484?
False
Does 33 divide 4257?
True
Does 311 divide 9641?
True
Is 32 a factor of 198?
False
Is 11 a factor of 2178?
True
Is 96 a factor of 4224?
True
Is 23 a factor of 4761?
True
Does 172 divide 1720?
True
Is 15 a factor of 705?
True
Is 3997 a multiple of 7?
True
Is 14 a factor of 1104?
False
Is 43 a factor of 29541?
True
Is 23 a factor of 837?
False
Is 3129 a multiple of 17?
False
Is 15552 a multiple of 192?
True
Does 20 divide 2471?
False
Does 18 divide 69527?
False
Does 65 divide 2405?
True
Is 115 a factor of 15410?
True
Is 65 a factor of 2601?
False
Is 844 a multiple of 2?
True
Is 38 a factor of 4864?
True
Does 8 divide 341?
False
Is 124 a factor of 13118?
False
Does 6 divide 24?
True
Does 121 divide 25474?
False
Is 9624 a multiple of 21?
False
Is 89 a factor of 4272?
True
Does 64 divide 320?
True
Does 2 divide 158?
True
Is 37 a factor of 7489?
False
Does 11 divide 65?
False
Is 8 a factor of 3608?
True
Is 14 a factor of 7214?
False
Is 5 a factor of 4162?
False
Is 1219 a multiple of 2?
False
Is 2316 a multiple of 14?
False
Is 10571 a multiple of 31?
True
Is 11 a factor of 4780?
False
Is 6888 a multiple of 41?
True
Is 26 a factor of 2084?
False
Does 94 divide 1316?
True
Is 13 a factor of 219?
False
Does 32 divide 2656?
True
Does 21 divide 1255?
False
Is 14 a factor of 165?
False
Does 3 divide 831?
True
Is 13 a factor of 23036?
True
Is 14331 a multiple of 17?
True
Is 3 a factor of 1163?
False
Does 46 divide 289?
False
Does 36 divide 1152?
True
Is 16 a factor of 16813?
False
Does 192 divide 35031?
False
Is 1196 a multiple of 46?
True
Is 23 a factor of 12808?
False
Is 530 a multiple of 106?
True
Does 12 divide 1440?
True
Is 5 a factor of 70010?
True
Does 11 divide 80?
False
Does 6 divide 312?
True
Does 68 divide 131580?
True
Is 12174 a multiple of 119?
False
Is 528 a multiple of 22?
True
Does 36 divide 18590?
False
Is 109 a multiple of 3?
False
Is 86 a factor of 2494?
True
Does 8 divide 32?
True
Does 29 divide 841?
True
Is 22098 a multiple of 87?
True
Is 10 a factor of 20?
True
Does 3 divide 14?
False
Does 7 divide 147?
True
Does 5 divide 972?
False
Is 14884 a multiple of 18?
False
Is 848 a multiple of 16?
True
Is 2542 a multiple of 41?
True
Does 23 divide 3151?
True
Does 44 divide 140?
False
Is 33 a factor of 4123?
False
Does 8 divide 1312?
True
Is 198 a multiple of 16?
False
Does 26 divide 4888?
True
Is 76 a factor of 2964?
True
Is 31 a factor of 1243?
False
Is 234 a factor of 14441?
False
Is 612 a multiple of 68?
True
Is 32512 a multiple of 64?
True
Is 8 a factor of 66?
False
Is 126 a multiple of 25?
False
Is 61204 a multiple of 22?
True
Does 22 divide 286?
True
Is 68 a factor of 75846?
False
Does 15 divide 1215?
True
Is 2080 a multiple of 10?
True
Is 9 a factor of 2087?
False
Is 42 a factor of 13356?
True
Is 189 a factor of 12346?
False
Does 13 divide 34762?
True
Is 37 a factor of 1466?
False
Is 16954 a multiple of 7?
True
Does 2 divide 152?
True
Does 35 divide 24386?
False
Is 6003 a multiple of 87?
True
Is 8 a factor of 13350?
False
Is 250 a multiple of 50?
True
Does 21 divide 525?
True
Is 33 a factor of 2871?
True
Does 36 divide 9016?
False
Is 9 a factor of 126?
True
Is 77 a multiple of 11?
True
Does 105 divide 945?
True
Is 26 a factor of 2418?
True
Does 12 divide 17815?
False
Does 2 divide 10066?
True
Is 11105 a multiple of 37?
False
Is 1572 a multiple of 13?
False
Does 89 divide 905?
False
Does 47 divide 1351?
False
Does 9 divide 702?
True
Is 728 a multiple of 13?
True
Does 41 divide 8870?
False
Is 3531 a multiple of 107?
True
Does 6 divide 214?
False
Is 8272 a multiple of 27?
False
Does 84 divide 6468?
True
Is 32 a factor of 12266?
False
Is 1268 a multiple of 7?
False
Is 163 a factor of 12206?
False
Is 18 a factor of 4212?
True
Is 40557 a multiple of 11?
True
Does 4 divide 2921?
False
Is 80026 a multiple of 10?
False
Is 75 a multiple of 5?
True
Is 2 a factor of 5393?
False
Is 179 a factor of 13067?
True
Is 1007 a multiple of 32?
False
Does 12 divide 3468?
True
Does 14 divide 2376?
False
Is 1505 a multiple of 7?
True
Is 131 a multiple of 10?
False
Is 1136 a multiple of 16?
True
Does 14 divide 57483?
False
Is 17 a factor of 4858?
False
Is 9648 a multiple of 48?
True
Is 2600 a multiple of 25?
True
Is 32712 a multiple of 16?
False
Does 32 divide 9440?
True
Is 10272 a multiple of 8?
True
Is 75 a factor of 3900?
True
Is 15493 even?
False
Does 93 divide 91093?
False
Is 11 a factor of 14234?
True
Is 20 a factor of 1752?
False
Does 35 divide 1833?
False
Is 465 a multiple of 93?
True
Does 4 divide 31?
False
Is 29 a factor of 448?
False
Is 9772 a multiple of 28?
True
Does 6 divide 120?
True
Is 22 a factor of 3410?
True
Is 17361 a multiple of 10?
False
Is 52 a factor of 511?
False
Is 1088 a multiple of 64?
True
Is 114 a factor of 49838?
False
Is 73 a factor of 20463?
False
Does 10 divide 62?
False
Does 2 divide 203?
False
Does 46 divide 2484?
True
Is 5 a factor of 7640?
True
Does 48 divide 14496?
True
Is 15059 a multiple of 11?
True
Is 4575 a multiple of 108?
False
Is 465 a multiple of 15?
True
Is 53 a factor of 4982?
True
Does 81 divide 40581?
True
Is 77 a factor of 91399?
True
Is 1355 a multiple of 9?
False
Is 20 a factor of 15860?
True
Is 472 a multiple of 59?
True
Is 81 a factor of 37908?
True
Does 8 divide 1022?
False
Is 7484 a multiple of 9?
False
Does 9 divide 3152?
False
Does 10 divide 740?
True
Is 4381 a multiple of 202?
False
Is 10 a factor of 320?
True
Is 41 a factor of 33948?
True
Does 32 divide 8925?
False
Is 41 a factor of 78368?
False
Is 8 a factor of 3927?
False
Is 29 a factor of 15863?
True
Is 3588 a multiple of 13?
True
Is 12 a factor of 48?
True
Is 1878 a multiple of 58?
False
Is 91 a factor of 637?
True
Does 51 divide 2082?
False
Is 20706 a multiple of 17?
True
Is 9966 a multiple of 6?
True
Is 5755 a multiple of 95?
False
Is 28 a factor of 7616?
True
Is 19 a factor of 473?
False
Is 8 a factor of 2144?
True
Is 39715 a multiple of 235?
True
Does 31 divide 8281?
False
Is 55 a factor of 142?
False
Is 4402 a multiple of 62?
True
